(w) = -6*w**2 + w + 1. Let d be z(-1). Let a(i) = i**3 + 7*i**2 + 6*i + 8. List the prime factors of a(d).
2
Suppose -z + u = 12, -2*z + u = 2*z + 48. Let y(t) = t**2 + 13*t + 14. Let w be y(z). Suppose -w*b + 40 - 12 = 0. List the prime factors of b.
2, 7
Let u(s) = -119*s**3 - 3*s - 2. List the prime factors of u(-1).
2, 3, 5
Let p = -846 + 216. What are the prime factors of (-2)/5 + p/(-75)?
2
Let z(i) be the third derivative of -i**4/24 + 4*i**3/3 - 2*i**2. Suppose 0 = l + m - 9, 2*l = 2*m - m + 6. What are the prime factors of z(l)?
3
Let m be ((-28)/21)/((-2)/6). Suppose 0 = m*z - 2 - 14. List the prime factors of z.
2
Let o = -3 - -1. Let d be -6*(1/o - -2). Let k = 14 + d. List the prime factors of k.
5
Let n = -46 - -22. Let c = n - -37. What are the prime factors of c?
13
Let o be 0*1*(2 - 1). Let q be (o + (-10)/4)*-2. Suppose 5*u = 15 + q. What are the prime factors of u?
2
Let t = 11 - 23. What are the prime factors of 21 + -3 + t/(-3)?
2, 11
Suppose -h = 4*j + h - 22, -3*h + 9 = 0. Suppose -44 = -0*z - j*z. List the prime factors of z.
11
Suppose 6 = -2*m, -m - 403 = -2*t - 3*t. What are the prime factors of t?
2, 5
Suppose 4 = -3*f + 2*f. Let c be 105/6 + (-2)/f. Let b = 33 - c. List the prime factors of b.
3, 5
Let k(h) = -4 + 3*h - 4*h + 3. Let g be k(0). What are the prime factors of -1 + (-27 + g)/(-2)?
13
Let i(q) = 3*q + 0*q + 0*q + 3 + 5*q. What are the prime factors of i(2)?
19
Let j(o) = -o**3 + o**2 + 2*o - 1. Let h(a) = -a**2 + 5*a + 6. Let n be h(6). Suppose -5*b - 10 + 0 = n. List the prime factors of j(b).
7
Suppose -68 = -h + 5*h. Let i = h + 32. What are the prime factors of i?
3, 5
Suppose -q - 2 = -4. Let y be 16*(-14)/(-4) + q. Suppose -3*k - 2*n = -y, 2*n + 32 = 2*k - 0*k. List the prime factors of k.
2, 3
Let c(x) = x + 12. Suppose 0*u = -2*u - 24. Let z be c(u). Suppose z = -4*m, 5*m + 60 = 6*f - 2*f. List the prime factors of f.
3, 5
Suppose 3*k - 12 = -3*f - 2*f, 0 = -4*k + f + 16. Suppose 3*x = 4*a + 14, k*a + 4 = 8*a. What are the prime factors of x?
2, 3
Let s = -8 - -5. Let c be 6 - (-1 - s) - -2. Suppose 0 = c*q - 3*q - 48. What are the prime factors of q?
2
Let t(w) = w**3 + 3*w**2 - 5*w - 3. Suppose 0 = -5*a + 4*v - 15 - 1, 5*a + 15 = 5*v. Let p be t(a). Suppose -p = 3*z - 22. List the prime factors of z.
7
What are the prime factors of ((-1210)/(-33))/(2/6)?
2, 5, 11
Let z be (-151)/4 - 7/28. Let p = -6 - z. List the prime factors of p.
2
Let m(r) = -r**3 + 2*r + 2*r**3 - r - r**2. Let v be m(0). List the prime factors of (-3 - v)/(3/(-5)).
5
Let r(t) = t**2 + 9*t. Let h be ((-4)/(-4))/(-1)*12. List the prime factors of r(h).
2, 3
Let h = 37 - 21. Let k = 16 + -26. Let p = k + h. What are the prime factors of p?
2, 3
Let h be (-8)/(-5) - 10/(-25). What are the prime factors of (-6)/h*8/(-12)?
2
Let t(k) = -k**3 + k. Suppose 5*a - 7 + 17 = 0. What are the prime factors of t(a)?
2, 3
Let q be (1 + 2)*(-1 - -2). Suppose -y + 0 = q, 5*a = 4*y + 137. Suppose 14 = n + 3*h, 3*n - a = 2*h + 17. What are the prime factors of n?
2, 7
Let q(b) = b**2 + 4*b + 5. Let w be q(-4). Suppose -w*y - 16 = -6*y. What are the prime factors of y?
2
Suppose 2*z + i - 18 + 8 = 0, -3*i + 10 = 2*z. List the prime factors of z.
5
Let o = 15 - 10. Suppose -3*m = -7*m - 12, -o*n - m + 37 = 0. Suppose -c = -n - 5. What are the prime factors of c?
13
Let h(g) = -g**3 + 3*g**2 + 4*g - 8. Let y(v) = -v**2 - 1. Let f(l) = -h(l) + 3*y(l). What are the prime factors of f(7)?
2, 13
What are the prime factors of 153*-4*(-4)/16?
3, 17
Let d(j) = -3*j**3 - 4*j**2 + 5*j + 3. List the prime factors of d(-4).
3, 37
Suppose 0*g - 2*g = -5*d + 66, 3*d + g = 44. Let q(o) = -o**3 + 13*o**2 + 13*o + 16. List the prime factors of q(d).
2
Let v = 150 - 104. List the prime factors of v.
2, 23
Let t(y) = y**2 - 4*y + 5. Let i be t(4). Let p(s) = 16*s - 5. Let l(c) = -11*c + 3. Let g(h) = i*p(h) + 7*l(h). List the prime factors of g(4).
2
Suppose -2*u - 2*b + 7*b = -29, 150 = 5*u + 3*b. List the prime factors of u.
3
Let c(a) = -a - 8. Let h be c(0). What are the prime factors of (56/10)/(h/(-20))?
2, 7
Let r(y) = -y**3 - 6*y**2 + 2*y + 9. Let s be (2 - 3) + -1 - 4. Let p be r(s). What are the prime factors of ((3*-5)/p)/1?
5
Let k be 18 - (5 + -3 + -4). What are the prime factors of 570/k - (-2)/(-4)?
2, 7
Let d(l) = l + l**2 + 3*l - 2*l**2. What are the prime factors of d(3)?
3
Let o(x) = x**3 - 3*x - 13 + 13*x**2 + 2 - 3. What are the prime factors of o(-13)?
5
Let u(t) be the first derivative of 2*t**4 + t**3/3 + 2. Let j be u(1). Suppose -d + 4*d - 11 = -4*f, 2*d - j = -f. What are the prime factors of d?
5
Suppose 3*l - 40 = 11. List the prime factors of l.
17
Let g be 228/16 - 2/8. What are the prime factors of g + 3/((-3)/2)?
2, 3
Let y(m) = -8*m - 4. Let j(f) = -3*f - 1. Let x be (-3)/(17/(-7) + 2). Let h(i) = x*j(i) - 2*y(i). List the prime factors of h(-2).
11
Let v = -78 - -131. What are the prime factors of v?
53
Let a be (-5)/(-7) + 6/21. Suppose 2*y = -5*i + a - 0, y + 3*i = -1. What are the prime factors of y?
2
Let o be (2 + -1 - 1)/2. Suppose o = -p - p + 18. What are the prime factors of p?
3
Suppose -z = -4*z. Let x = z + -1. List the prime factors of x/((6/10)/(-3)).
5
Let j(i) = -3*i**3 - 3*i**2 - i - 1. Suppose -19 - 13 = -4*x. Let d be ((-1)/(-1))/((-4)/x). What are the prime factors of j(d)?
13
Let o(v) = v + 6. Let a be o(-6). Suppose a*p = -2*p + 8. What are the prime factors of p?
2
Suppose -3*n + 13 = -2. Suppose -112 = -3*f + n*p - p, -152 = -5*f - 2*p. List the prime factors of f.
2
Suppose -s + 11 + 43 = 0. What are the prime factors of s?
2, 3
Let m(t) = 0 + 0 + 1 - 55*t. Let x be m(-1). Suppose -x + 12 = -4*q + 4*j, -j + 22 = 2*q. List the prime factors of q.
11
Let s be ((-15)/(-10))/((-1)/(-18)). Let v = -16 + s. Suppose -3*g + 4*g = v. What are the prime factors of g?
11
Suppose -2*i = 8, -u - 2*i = -2*u + 109. List the prime factors of u.
101
Let x(c) = 2*c + 4. Let w be (-1)/2 - (-15)/2. Let b be x(w). Let a = b + -9. List the prime factors of a.
3
Let c be (0 - -3)*(2 + -1). Suppose c*f + 2*f = -45. Let r = 2 - f. List the prime factors of r.
11
Suppose -3 = -3*v + 4*k - 139, k = 3*v + 133. What are the prime factors of 372/11 - 8/v?
2, 17
Suppose -11*u = -19*u + 192. List the prime factors of u.
2, 3
Suppose -10*u = -14*u + 64. What are the prime factors of u?
2
Suppose 2*a + 0 = 4. List the prime factors of (-100)/(-6)*3/a.
5
Suppose -4*s + 2*s - 20 = 0. What are the prime factors of (-100)/(-6) - s/(-15)?
2
Let h = 25 - -28. What are the prime factors of h?
53
Let m = 42 - -19. What are the prime factors of m?
61
Let n = -73 - -134. List the prime factors of n.
61
Let y = 57 - 20. What are the prime factors of y?
37
Suppose 4*k + 6 = 234. List the prime factors of k.
3, 19
Let u = 14 - 7. What are the prime factors of u?
7
Let n(s) = s**3 - s**2 - s - 3. Let a be n(2). Let d(z) = -7*z + 1. List the prime factors of d(a).
2
Suppose 5*j + 0*j = 95. List the prime factors of j.
19
Let f(v) = v**3 - 7*v**2 - v + 9. Suppose -3*b - 51 + 11 = -4*x, -2*b = 4*x - 20. What are the prime factors of f(x)?
2
Let i(z) = z**2 - 6*z - 4. Let v be i(6). Let g = v + 6. List the prime factors of g.
2
Let r be (0 - -1)/((-2)/(-4)). Suppose -4 = -r*b - 0. List the prime factors of b.
2
Let q = 336 - 73. List the prime factors of q.
263
Let o = -4 - -7. Suppose -5*n - 16 - 18 = -o*z, -34 = -4*z + n. List the prime factors of z.
2
Suppose -3*j + 4*j = 0. Suppose z + 15 = 2*z - 4*s, 3*z - 5*s - 66 = j. Suppose -4*t - 7 = -z. What are the prime factors of t?
5
Let x(k) = -k + 3. Let r = 6 + -10. What are the prime factors of x(r)?
7
Suppose -c = 2*c. Suppose 0 = -c*t + t + 15. Let v = t - -21. What are the prime factors of v?
2, 3
Suppose -3*o = 11 + 1. What are the prime factors of (0 - -3)/(o/(-24))?
2, 3
Suppose -3*d + 15 = 2*l, -5*d - 2*l + 21 = -0*l. Let u = 3 - d. Suppose t = -u*t + 2. List the prime factors of t.
2
Suppose -4*s - 2*i + 8 = -4, 0 = 5*s - i - 8. Let k(u) = -2*u - 7. Let p be k(-6). Suppose 76 = -f + p*f - s*b, b = -f + 13. What are the prime factors of f?
17
Let a(v) = 21*v**2 - 3*v - 3. List the prime factors of a(-2).
3, 29
Suppose z - 10 = -4*f - 0, z + 5 = f. Suppose -u + 2 = -f. What are the prime fac